{"id":354,"date":"2020-06-05T01:41:33","date_gmt":"2020-06-04T23:41:33","guid":{"rendered":"https:\/\/goodsweek.com\/?post_type=product&#038;p=354"},"modified":"2020-12-02T01:16:22","modified_gmt":"2020-12-02T00:16:22","slug":"grille-pain-oceanic-blanc","status":"publish","type":"product","link":"https:\/\/goodsweek.com\/index.php\/produit\/grille-pain-oceanic-blanc\/","title":{"rendered":"Grille-pain OCEANIC &#8211; Blanc"},"content":{"rendered":"<table class=\"fpDescTb fpDescTbPub\">\n<tbody>\n<tr>\n<th colspan=\"2\">Informations sur le produit<\/th>\n<\/tr>\n<tr>\n<td>Notes<\/td>\n<td>Produit destin\u00e9 \u00e0 un usage domestique<\/td>\n<\/tr>\n<tr>\n<td>Nombre de fentes<\/td>\n<td>2 fentes<\/td>\n<\/tr>\n<tr>\n<td>Couleur(s)<\/td>\n<td>Blanc<\/td>\n<\/tr>\n<tr>\n<th colspan=\"2\">G\u00e9n\u00e9ral<\/th>\n<\/tr>\n<tr>\n<td>Type de Produit<\/td>\n<td>Grille-pain<\/td>\n<\/tr>\n<tr>\n<td>Caract\u00e9ristiques<\/td>\n<td>Fonction de dorage du pain, ramasse-miettes, range-cordon, bouton d&#8217;annulation<\/td>\n<\/tr>\n<tr>\n<td>Nombre de tranches<\/td>\n<td>2<\/td>\n<\/tr>\n<tr>\n<th colspan=\"2\">Consommation<\/th>\n<\/tr>\n<tr>\n<td>Puissance \u00e9lectrique<\/td>\n<td>700 Watt<\/td>\n<\/tr>\n<tr>\n<td>Alimentation<\/td>\n<td>220 &#8211; 240 V \/ 50 Hz<\/td>\n<\/tr>\n<tr>\n<th colspan=\"2\">Divers<\/th>\n<\/tr>\n<tr>\n<td>Caract\u00e9ristiques externes<\/td>\n<td>Corps en plastique<\/td>\n<\/tr>\n<tr>\n<td>Normes de conformit\u00e9<\/td>\n<td>EMC, RoHS, LVD, ERP, Food Contact<\/td>\n<\/tr>\n<tr>\n<th colspan=\"2\">Dimensions et poids<\/th>\n<\/tr>\n<tr>\n<td>Largeur<\/td>\n<td>16.5 cm<\/td>\n<\/tr>\n<tr>\n<td>Hauteur<\/td>\n<td>18.7 cm<\/td>\n<\/tr>\n<tr>\n<td>Profondeur<\/td>\n<td>26.4 cm<\/td>\n<\/tr>\n<tr>\n<td>Poids<\/td>\n<td>0.95 kg<\/td>\n<\/tr>\n<tr>\n<th colspan=\"2\">Grille-pain<\/th>\n<\/tr>\n<tr>\n<td>Nombre de niveaux de dorage<\/td>\n<td>7<\/td>\n<\/tr>\n<tr>\n<td>Nombre d&#8217;emplacements<\/td>\n<td>2<\/td>\n<\/tr>\n<\/tbody>\n<\/table>\n","protected":false},"excerpt":{"rendered":"<p>Informations sur le produit Notes Produit destin\u00e9 \u00e0 un usage domestique Nombre de fentes 2 fentes Couleur(s) Blanc G\u00e9n\u00e9ral Type de Produit Grille-pain Caract\u00e9ristiques Fonction de dorage du pain, ramasse-miettes, range-cordon, bouton d&#8217;annulation Nombre de tranches 2 Consommation Puissance \u00e9lectrique 700 Watt Alimentation 220 &#8211; 240 V \/ 50 Hz Divers Caract\u00e9ristiques externes Corps en [&hellip;]<\/p>\n","protected":false},"featured_media":355,"template":"","meta":{"spay_email":""},"product_cat":[89],"product_tag":[76,64],"_links":{"self":[{"href":"https:\/\/goodsweek.com\/index.php\/wp-json\/wp\/v2\/product\/354"}],"collection":[{"href":"https:\/\/goodsweek.com\/index.php\/wp-json\/wp\/v2\/product"}],"about":[{"href":"https:\/\/goodsweek.com\/index.php\/wp-json\/wp\/v2\/types\/product"}],"wp:featuredmedia":[{"embeddable":true,"href":"https:\/\/goodsweek.com\/index.php\/wp-json\/wp\/v2\/media\/355"}],"wp:attachment":[{"href":"https:\/\/goodsweek.com\/index.php\/wp-json\/wp\/v2\/media?parent=354"}],"wp:term":[{"taxonomy":"product_cat","embeddable":true,"href":"https:\/\/goodsweek.com\/index.php\/wp-json\/wp\/v2\/product_cat?post=354"},{"taxonomy":"product_tag","embeddable":true,"href":"https:\/\/goodsweek.com\/index.php\/wp-json\/wp\/v2\/product_tag?post=354"}],"curies":[{"name":"wp","href":"https:\/\/api.w.org\/{rel}","templated":true}]}}