{"id":294,"date":"2020-06-04T18:00:02","date_gmt":"2020-06-04T16:00:02","guid":{"rendered":"https:\/\/goodsweek.com\/?post_type=product&#038;p=294"},"modified":"2020-12-02T01:18:32","modified_gmt":"2020-12-02T00:18:32","slug":"cuisine-en-kit-mela-chene-blanchi-5-meubles","status":"publish","type":"product","link":"https:\/\/goodsweek.com\/index.php\/produit\/cuisine-en-kit-mela-chene-blanchi-5-meubles\/","title":{"rendered":"Cuisine en kit Mela Ch\u00eane blanchi &#8211; 5 meubles"},"content":{"rendered":"<p class=\"font_8\">Cuisine en kit\u00a0 de 1m80<\/p>\n<p class=\"font_8\">Structures et fa\u00e7ades en panneaux de particules.<\/p>\n<p class=\"font_8\">Poign\u00e9es plastiques. Vendue sans plan de travail ni \u00e9vier ni mitigeur ni \u00e9lectrom\u00e9nager.<\/p>\n<p class=\"font_8\">Meubles haut de 58cm de hauteur.<\/p>\n<p class=\"font_8\">Finition :\u00a0 ch\u00eane blanchi.<\/p>\n<p>Cuisine compl\u00e8te MELA ch\u00eane blanchi compos\u00e9e de 5 meubles :<br \/>\n1 meuble Haut 80cm 2 portes<br \/>\n1 meuble Haut 40cm 1 porte<br \/>\n1 meuble Haut sur hotte 60cm 1 porte<br \/>\n1 meuble Bas sous \u00e9vier 80cm<br \/>\n1 meuble Bas 40cm 1 porte et 1 tiroir.<\/p>\n<p>Dimensions : 1m80 en haut et 1m20 en bas<\/p>\n","protected":false},"excerpt":{"rendered":"<p>Cuisine en kit\u00a0 de 1m80 Structures et fa\u00e7ades en panneaux de particules. Poign\u00e9es plastiques. Vendue sans plan de travail ni \u00e9vier ni mitigeur ni \u00e9lectrom\u00e9nager. Meubles haut de 58cm de hauteur. Finition :\u00a0 ch\u00eane blanchi. Cuisine compl\u00e8te MELA ch\u00eane blanchi compos\u00e9e de 5 meubles : 1 meuble Haut 80cm 2 portes 1 meuble Haut 40cm [&hellip;]<\/p>\n","protected":false},"featured_media":295,"template":"","meta":{"spay_email":""},"product_cat":[86],"product_tag":[],"_links":{"self":[{"href":"https:\/\/goodsweek.com\/index.php\/wp-json\/wp\/v2\/product\/294"}],"collection":[{"href":"https:\/\/goodsweek.com\/index.php\/wp-json\/wp\/v2\/product"}],"about":[{"href":"https:\/\/goodsweek.com\/index.php\/wp-json\/wp\/v2\/types\/product"}],"wp:featuredmedia":[{"embeddable":true,"href":"https:\/\/goodsweek.com\/index.php\/wp-json\/wp\/v2\/media\/295"}],"wp:attachment":[{"href":"https:\/\/goodsweek.com\/index.php\/wp-json\/wp\/v2\/media?parent=294"}],"wp:term":[{"taxonomy":"product_cat","embeddable":true,"href":"https:\/\/goodsweek.com\/index.php\/wp-json\/wp\/v2\/product_cat?post=294"},{"taxonomy":"product_tag","embeddable":true,"href":"https:\/\/goodsweek.com\/index.php\/wp-json\/wp\/v2\/product_tag?post=294"}],"curies":[{"name":"wp","href":"https:\/\/api.w.org\/{rel}","templated":true}]}}