{"id":180,"date":"2020-04-30T01:00:15","date_gmt":"2020-04-29T23:00:15","guid":{"rendered":"https:\/\/goodsweek.com\/?post_type=product&#038;p=180"},"modified":"2020-12-02T01:20:40","modified_gmt":"2020-12-02T00:20:40","slug":"matelas-simpur-relax-grand-class-30-cm-160x200-cm-auto-regulation-bio-mousse","status":"publish","type":"product","link":"https:\/\/goodsweek.com\/index.php\/produit\/matelas-simpur-relax-grand-class-30-cm-160x200-cm-auto-regulation-bio-mousse\/","title":{"rendered":"Matelas SIMPUR RELAX GRAND CLASS 30 cm &#8211; 160&#215;200 cm &#8211; Auto R\u00e9gulation &#8211; Bio Mousse"},"content":{"rendered":"<table class=\"fpDescTb fpDescTbPub\">\n<tbody>\n<tr>\n<th colspan=\"2\">G\u00e9n\u00e9ral<\/th>\n<\/tr>\n<tr>\n<td>Marque<\/td>\n<td>SIMPUR<\/td>\n<\/tr>\n<tr>\n<td>Type de Produit<\/td>\n<td>Matelas \u00e0 memoire de forme<\/td>\n<\/tr>\n<tr>\n<td>Gamme<\/td>\n<td>SIMPUR RELAX<\/td>\n<\/tr>\n<tr>\n<td>Mod\u00e8les<\/td>\n<td>Grand Class<\/td>\n<\/tr>\n<tr>\n<td>Certifications et normes<\/td>\n<td>Certifi\u00e9 Oeko-tex\u00ae, Syst\u00e9me de qualit\u00e9\u00ae, Certifi\u00e9 CETEM\u00ae, Certification ISO 9001\u00ae<\/td>\n<\/tr>\n<tr>\n<td>Pays d&#8217;origine<\/td>\n<td>Espagne<\/td>\n<\/tr>\n<tr>\n<td>Couleur principale<\/td>\n<td>Blanc<\/td>\n<\/tr>\n<tr>\n<td>Dimensions du couchage<\/td>\n<td>160 x 200 cm<\/td>\n<\/tr>\n<tr>\n<td>Nombre de places<\/td>\n<td>2 places<\/td>\n<\/tr>\n<tr>\n<th colspan=\"2\">Informations produit<\/th>\n<\/tr>\n<tr>\n<td>Type de matelas<\/td>\n<td>M\u00e9moire de forme<br \/>\nMousse<\/td>\n<\/tr>\n<tr>\n<td>Matelas livr\u00e9 roul\u00e9 compress\u00e9<\/td>\n<td>Oui<\/td>\n<\/tr>\n<tr>\n<td>Type de mousse<\/td>\n<td>Mousse Haute R\u00e9silience (HR)<br \/>\nMousse \u00e0 m\u00e9moire de forme<\/td>\n<\/tr>\n<tr>\n<td>Epaisseur du matelas<\/td>\n<td>30 cm<\/td>\n<\/tr>\n<tr>\n<td>Confort<\/td>\n<td>Mi-ferme<br \/>\nFerme<\/td>\n<\/tr>\n<tr>\n<td>Accueil<\/td>\n<td>Moelleux &#8211; Mi-ferme<\/td>\n<\/tr>\n<tr>\n<td>Zones de soutien<\/td>\n<td>11 zones de confort<\/td>\n<\/tr>\n<tr>\n<td>Ind\u00e9pendance de couchage<\/td>\n<td>Excellente<\/td>\n<\/tr>\n<tr>\n<td>Traitement de protection<\/td>\n<td>Anti-acarien<br \/>\nAnti-bact\u00e9rien<br \/>\nHypoallerg\u00e9nique<\/td>\n<\/tr>\n<tr>\n<td>Plus matelas<\/td>\n<td>Air Ventilation, Tissus Stretch Grand Class\u00ae, Th\u00e9rapie Carbono<\/td>\n<\/tr>\n<\/tbody>\n<\/table>\n","protected":false},"excerpt":{"rendered":"<p>G\u00e9n\u00e9ral Marque SIMPUR Type de Produit Matelas \u00e0 memoire de forme Gamme SIMPUR RELAX Mod\u00e8les Grand Class Certifications et normes Certifi\u00e9 Oeko-tex\u00ae, Syst\u00e9me de qualit\u00e9\u00ae, Certifi\u00e9 CETEM\u00ae, Certification ISO 9001\u00ae Pays d&#8217;origine Espagne Couleur principale Blanc Dimensions du couchage 160 x 200 cm Nombre de places 2 places Informations produit Type de matelas M\u00e9moire de [&hellip;]<\/p>\n","protected":false},"featured_media":181,"template":"","meta":{"spay_email":""},"product_cat":[86],"product_tag":[31],"_links":{"self":[{"href":"https:\/\/goodsweek.com\/index.php\/wp-json\/wp\/v2\/product\/180"}],"collection":[{"href":"https:\/\/goodsweek.com\/index.php\/wp-json\/wp\/v2\/product"}],"about":[{"href":"https:\/\/goodsweek.com\/index.php\/wp-json\/wp\/v2\/types\/product"}],"wp:featuredmedia":[{"embeddable":true,"href":"https:\/\/goodsweek.com\/index.php\/wp-json\/wp\/v2\/media\/181"}],"wp:attachment":[{"href":"https:\/\/goodsweek.com\/index.php\/wp-json\/wp\/v2\/media?parent=180"}],"wp:term":[{"taxonomy":"product_cat","embeddable":true,"href":"https:\/\/goodsweek.com\/index.php\/wp-json\/wp\/v2\/product_cat?post=180"},{"taxonomy":"product_tag","embeddable":true,"href":"https:\/\/goodsweek.com\/index.php\/wp-json\/wp\/v2\/product_tag?post=180"}],"curies":[{"name":"wp","href":"https:\/\/api.w.org\/{rel}","templated":true}]}}